14
Let i be (10 - 115)*(-2)/6. Let r = i - 23. Let x be 15/r*(0 - -4). What is the greatest common divisor of x and 10?
5
Let b = 505 + -500. What is the highest common factor of 2 and b?
1
Suppose 614 = 14*v - 1234. What is the greatest common divisor of v and 88?
44
Let a(i) = -2*i - 31. Let o be a(-16). Suppose -32 = -5*d + 3*u, -5*d - u + 2*u = -34. Calculate the greatest common divisor of d and o.
1
Let n be 734/7 - (-39)/273. What is the greatest common factor of 21 and n?
21
Suppose 0 = -5*w + 5, 2*g - 154 + 31 = -3*w. What is the highest common divisor of 160 and g?
20
Suppose 9 + 1 = -5*t. Let j be (-4)/t*(3 + 48). What is the greatest common divisor of 255 and j?
51
Suppose v + 38 = 2*m + 14, v - 4 = 0. Suppose 2 = 5*t - u - 34, -3*u = 3. What is the greatest common factor of t and m?
7
Suppose 2*b = 10*b - 2184. Let h = 178 + -165. Calculate the highest common divisor of h and b.
13
Let v(r) = 3*r**2 - 7*r + 10. Let z be v(4). Suppose -28*o = -z*o + 288. What is the greatest common divisor of o and 96?
48
Suppose y = 4 - 0. Suppose -3*l - 88 = -2*s, 0 = -5*s + 12*l - 9*l + 238. Suppose -s = -y*i + 3*i. Calculate the greatest common divisor of 20 and i.
10
Let c(p) = -p**2 + 24*p + 17. Suppose -6*m = -2*m - 48. Let x be c(m). What is the greatest common factor of 23 and x?
23
Suppose -11*i + 99 = -110. What is the greatest common factor of i and 190?
19
Let c be 4/10 + 116/10. Let l be c + 0/(-1) + 0. Let t(s) = 39*s - 733. Let u be t(19). What is the highest common divisor of l and u?
4
Suppose 23*k = 15*k + 256. What is the highest common factor of 304 and k?
16
Suppose 42 = 9*q - 3*q. Suppose -3*s + 4*z = -9 - 0, s + 2*z = -q. Let t be 5*(6/(-15))/s. What is the highest common divisor of 20 and t?
2
Let m(v) = 3*v**3 - 6*v**2 - 2*v - 3. Let o be m(3). Let q be 1 + 21 - (8 - 7). Let b = q - o. What is the highest common factor of 2 and b?
1
Let x be 1*-1*(-1)/(-1). Let k be (x + -2)*(-3)/(-9). Let p = 6 + k. What is the highest common factor of p and 10?
5
Let c be 4 + -4 - (-3 + 0). Suppose -c*j - g - 65 = -8*j, -5*j + 3*g = -75. Calculate the highest common factor of j and 18.
6
Suppose -32*t - 195 = -47*t. What is the greatest common factor of 130 and t?
13
Let d be 8/(32/556) - (2 + 1). Calculate the greatest common divisor of d and 8.
8
Suppose -18 = -15*q + 13*q. Suppose t = 4*t - q. Calculate the greatest common divisor of t and 4.
1
Let r be (116 - 50)/(2 + 1). Calculate the greatest common factor of 583 and r.
11
Suppose -14 - 2 = -w + 5*m, -5*w + 3*m = -146. Let k = 51 - w. Calculate the greatest common factor of k and 15.
5
Let g be 370/4*-9*(-6)/45. Suppose -2*i + 2*m + 84 = i, -g = -4*i + 3*m. What is the highest common factor of i and 50?
10
Suppose 53 = 3*f - j, 5*f - 127 = 3*j - 36. Suppose -5*d + 8*d - 51 = 0. What is the greatest common divisor of d and f?
17
Let l be 7*(-132)/21*-1. What is the highest common factor of 77 and l?
11
Suppose 3*a + 3*o - 1167 = 0, -o = -3*a + 79 + 1068. Calculate the greatest common divisor of a and 360.
24
Let h = 385 - 155. What is the highest common divisor of 10 and h?
10
Let r(o) = -13*o - 92. Let c be r(-8). Calculate the highest common divisor of 42 and c.
6
Suppose -375*b = -377*b + t + 7, -4*b + 17 = -3*t. Let o be ((-56)/(-4))/(2 + 0). Let x = -3 + o. What is the greatest common factor of x and b?
2
Let i(k) be the third derivative of k**5/60 + k**4/12 + k**3 - 39*k**2. Let a = 35 + -25. Let r be i(a). Calculate the greatest common divisor of r and 18.
18
Suppose 2*b = -2*y + 182, -3*y + b + 263 = 6*b. Suppose -551 = -4*d - 5*p, 1061 = 5*d - p + 336. What is the highest common factor of y and d?
48
Let v = 971 + -891. What is the greatest common divisor of 36 and v?
4
Let q(w) = -2*w - 5. Let v be (40/30)/(2/(-6)). Let c be q(v). Let o be 148/12 - 1/c. Calculate the highest common factor of o and 12.
12
Let h = -12 - -16. Suppose -4*m = h*r - 32, 0 = -3*r + 6. Let v be (1 + 33/18)*m. Calculate the greatest common factor of v and 17.
17
Let l be (-2)/8 + 258/8. Suppose -12*t = 568 - 1528. Calculate the greatest common divisor of t and l.
16
Suppose -11*s = s + 12. Let y be -7*3*((-3)/(-9) + s). What is the highest common divisor of y and 126?
14
Let l = -55 + 58. Let f be 38 + (l - 4) + -3. Calculate the greatest common factor of f and 374.
34
Let w be (-3)/12 + ((-3190)/8)/(-11). What is the greatest common factor of 45 and w?
9
Let r = 54 + -50. Suppose c - p - 88 = r*p, 0 = -4*c - p + 247. Calculate the highest common divisor of 9 and c.
9
Let s(d) = d**3 + 7*d**2 - 2*d - 5. Let p be s(-7). Let w be 20/(10/(-2)) + 185. Suppose 6*y + 19 = w. Calculate the greatest common divisor of p and y.
9
Let h(x) = 2*x**2 + 45*x - 105. Let v be h(-25). What is the highest common divisor of 10 and v?
10
Suppose 5*b = 8*b + n - 457, 2*n = b - 164. Calculate the highest common factor of 132 and b.
22
Let m(n) = 18*n**2 + 7*n + 4. Let i be m(-1). What is the greatest common divisor of i and 735?
15
Let c(u) = -u**3 - 13*u**2 - 14*u + 19. Let h be c(-12). Suppose 0 = 4*w - 45 - h. What is the greatest common divisor of w and 176?
22
Let a = 1302 - 1064. What is the greatest common factor of a and 28?
14
Let u = 3 + -6. Let b be (-100)/(-70) - u/(-7). Let i be 7/(b*4/28). What is the greatest common divisor of 7 and i?
7
Suppose -4*p + 4*u + 252 = 0, 4*u = p - 5 - 55. Let b = -46 + p. Let j be (-3)/15 - (-452)/10. What is the greatest common factor of j and b?
9
Let l be ((-4)/6)/(4 + (-70)/15). Let f(z) = 342*z - 1. Let p be f(l). What is the highest common factor of p and 31?
31
Suppose 21*f = -6*f + 2025. Calculate the greatest common factor of 125 and f.
25
Suppose -3*m + 13 = 1. Let h(c) = 66*c - 3. Let u be h(4). Suppose d + 66 = 5*l - u, 186 = 3*l - m*d. Calculate the greatest common factor of l and 22.
22
Suppose 44 = 3*a - 7. Let i = a - 9. Let d be (-165)/(-20) + (-2)/i. What is the highest common factor of d and 16?
8
Suppose 3*q = 3*h + 18, -3 = -q + 5*h + 3. Suppose -335*t + 356*t = 3402. Calculate the highest common divisor of t and q.
6
Let z = 6 - 0. Let n(v) = -2*v + 23. Let j be n(z). What is the highest common factor of j and 165?
11
Suppose -10 = -3*y - 2*y. Let h(t) = -5*t + 5. Let n be h(0). Suppose 24 = i + 5*s - 2, n*s = -y*i + 27. What is the greatest common divisor of i and 8?
1
Let l be (-1 - -2)/(3/6). Suppose -23 = -l*r + 19. Let y = -22 + 64. What is the highest common factor of r and y?
21
Let x be (-154)/(6/(-3)) - 0. Suppose 0 = -u - 6*u + x. What is the greatest common divisor of u and 1?
1
Suppose -7 = -2*f + 3. Let u = -19 - -28. Let n be (6/u)/(4/330). What is the highest common factor of n and f?
5
Suppose 4*h + 4*f - 251 + 83 = 0, 3*f = h - 54. Suppose j = -3*g + 206 - h, 5*g + 2*j = 268. Calculate the highest common factor of 54 and g.
54
Suppose -385 + 157 = -6*l. Calculate the greatest common divisor of l and 57.
19
Let p = 135 - 43. Calculate the highest common factor of 828 and p.
92
Let d = -8 + 13. Suppose 12 = 4*z - 2*z. Let i be z/(-10) - (-1246)/35. What is the highest common factor of i and d?
5
Suppose -3*k + 5 = -8*k. Let u(c) = -49*c. Let a be u(k). Suppose -3*r - 13 + a = 0. What is the greatest common factor of 4 and r?
4
Let t(m) = -m - 6. Let g be t(-8). Suppose 0 = -2*b + 6, 2*r - g*b - 49 = 3*b. Let d = 19 - -29. What is the highest common factor of r and d?
16
Let k(n) = -29*n**2 + 3*n + 1. Let s be k(-2). Let w = s + 48. Let l be -1 + (-2 - w) - 2. What is the greatest common divisor of l and 17?
17
Let b be (-3 - 17)*9/(-12). Let y = 56 - b. What is the highest common divisor of y and 82?
41
Suppose 3274 + 2362 = 3*t - 4*u, 0 = -t + 3*u + 1872. What is the greatest common factor of 12 and t?
12
Suppose 37 = 4*t + 2*y + 3, -3*t = -3*y - 30. Suppose 380 = t*q + 137. What is the highest common factor of q and 27?
27
Suppose -162 - 78 = -10*x. What is the highest common divisor of 216 and x?
24
Suppose -3*s + 5*s = 2, 5*w - 5*s = 40. Let x be 555/20 - w/12. What is the highest common factor of x and 27?
27
Suppose 2*t + 3 - 17 = 0. Let k(l) = -23 + 4*l - l**3 - 5*l + 15 + 3*l + 7*l**2. Let i be k(t). What is the greatest common factor of 2 and i?
2
Suppose -5*j - 25 = 0, -p + 0*p + 489 = -5*j. Calculate the greatest common fact